of 48 and 384?
48
Calculate the highest common factor of 2115 and 282.
141
What is the greatest common divisor of 30 and 3810?
30
What is the greatest common factor of 26 and 6721?
13
Calculate the greatest common factor of 9373 and 35.
7
What is the greatest common divisor of 53000 and 25?
25
Calculate the highest common factor of 945 and 1620.
135
Calculate the highest common factor of 531 and 118.
59
What is the greatest common factor of 12 and 222?
6
What is the highest common divisor of 6 and 3236?
2
Calculate the highest common divisor of 62 and 310.
62
Calculate the greatest common factor of 65 and 39.
13
Calculate the greatest common divisor of 96 and 1568.
32
What is the greatest common factor of 8 and 232?
8
Calculate the greatest common divisor of 42 and 98.
14
Calculate the highest common divisor of 111 and 851.
37
What is the greatest common factor of 16933 and 164?
41
What is the greatest common factor of 252 and 28?
28
Calculate the highest common factor of 9 and 114.
3
What is the highest common divisor of 2156 and 8?
4
What is the greatest common divisor of 37 and 333?
37
Calculate the greatest common factor of 851 and 74.
37
Calculate the greatest common factor of 1006 and 4.
2
What is the highest common divisor of 174 and 1131?
87
Calculate the greatest common factor of 9472 and 80.
16
What is the greatest common divisor of 36 and 8?
4
What is the greatest common factor of 52 and 936?
52
What is the highest common divisor of 60 and 560?
20
Calculate the greatest common factor of 12 and 1884.
12
What is the highest common divisor of 12 and 5028?
12
Calculate the highest common divisor of 581 and 7.
7
What is the greatest common factor of 104 and 1820?
52
Calculate the highest common divisor of 195 and 120.
15
Calculate the greatest common divisor of 984 and 6.
6
What is the greatest common factor of 266 and 882?
14
What is the highest common factor of 36 and 12?
12
What is the highest common divisor of 72 and 324?
36
What is the greatest common factor of 196 and 266?
14
What is the greatest common factor of 4096 and 16?
16
Calculate the highest common divisor of 10 and 28.
2
Calculate the greatest common divisor of 78 and 11674.
26
What is the highest common factor of 1564 and 1242?
46
Calculate the greatest common factor of 10244 and 52.
52
Calculate the highest common factor of 42 and 14.
14
Calculate the highest common factor of 63648 and 156.
156
What is the greatest common factor of 10 and 14?
2
What is the greatest common factor of 335 and 402?
67
What is the greatest common divisor of 92 and 23?
23
Calculate the highest common factor of 228 and 33402.
114
What is the greatest common divisor of 686 and 1806?
14
Calculate the greatest common divisor of 910 and 14.
14
Calculate the highest common divisor of 1272 and 24.
24
Calculate the greatest common divisor of 1360 and 204.
68
What is the highest common divisor of 2144 and 96?
32
What is the greatest common divisor of 40 and 72?
8
What is the greatest common divisor of 5595 and 15?
15
What is the highest common factor of 36 and 1044?
36
Calculate the highest common divisor of 5 and 3785.
5
What is the highest common divisor of 72 and 900?
36
Calculate the highest common factor of 65 and 117.
13
What is the highest common divisor of 272 and 64?
16
What is the highest common divisor of 88 and 220?
44
Calculate the greatest common factor of 87 and 116.
29
Calculate the greatest common divisor of 351 and 949.
13
What is the greatest common divisor of 85 and 5?
5
What is the greatest common divisor of 64 and 44?
4
Calculate the highest common divisor of 232 and 522.
58
Calculate the greatest common divisor of 8 and 264.
8
Calculate the highest common divisor of 40 and 860.
20
What is the highest common divisor of 12393 and 17?
17
Calculate the greatest common divisor of 2176 and 306.
34
What is the greatest common factor of 5 and 5?
5
Calculate the greatest common factor of 11704 and 286.
22
What is the highest common factor of 19 and 95?
19
Calculate the highest common divisor of 513 and 19.
19
What is the highest common factor of 6170 and 20?
10
Calculate the highest common divisor of 31 and 15221.
31
Calculate the greatest common divisor of 2496 and 288.
96
What is the highest common factor of 23 and 8257?
23
What is the greatest common divisor of 46 and 46?
46
Calculate the greatest common divisor of 12265 and 55.
55
Calculate the greatest common divisor of 69 and 391.
23
What is the highest common factor of 3047 and 2493?
277
Calculate the greatest common divisor of 15876 and 108.
108
What is the highest common factor of 896 and 2944?
128
Calculate the highest common divisor of 58 and 638.
58
Calculate the highest common factor of 2021 and 559.
43
Calculate the highest common factor of 54 and 414.
18
What is the greatest common divisor of 39 and 442?
13
Calculate the highest common factor of 1295 and 333.
37
What is the highest common factor of 129 and 3053?
43
Calculate the greatest common divisor of 29 and 27637.
29
Calculate the highest common factor of 37 and 17.
1
Calculate the greatest common divisor of 124 and 2108.
124
What is the greatest common factor of 6621 and 6?
3
What is the highest common divisor of 51 and 799?
17
What is the highest common factor of 143 and 6721?
143
What is the highest common divisor of 11 and 31207?
11
What is the highest common factor of 26 and 1222?
26
What is the greatest common factor of 28 and 16?
4
What is the greatest common factor of 2993 and 82?
41
Calculate the greatest common divisor of 2384 and 447.
149
What is the highest common divisor of 82 and 1435?
41
Calculate the greatest common divisor of 9226 and 42.
14
What is the greatest common divisor of 48 and 60?
12
What is the greatest common factor of 217 and 1211?
7
Calculate the greatest common divisor of 4 and 292.
4
Calculate the greatest common factor of 170 and 3094.
34
What is the greatest common divisor of 272 and 918?
34
What is the greatest common factor of 65 and 1755?
65
Calculate the greatest common factor of 1351 and 7.
7
What is the greatest common factor of 1245 and 3403?
83
What is the highest common divisor of 38 and 3078?
38
What is the greatest common factor of 130 and 286?
26
What is the greatest common divisor of 12 and 42?
6
Calculate the highest common divisor of 8 and 112.
8
Calculate the greatest common factor of 29830 and 190.
190
What is the greatest common divisor of 90 and 11370?
30
What is the greatest common divisor of 29 and 87?
29
What is the highest common divisor of 5343 and 39?
39
What is the greatest common factor of 865 and 1211?
173
What is the greatest common divisor of 114 and 612?
6
What is the highest common divisor of 10 and 1315?
5
Calculate the greatest common factor of 53573 and 169.
169
Calculate the highest common factor of 4 and 7.
1
What is the greatest common factor of 13899 and 492?
123
What is the greatest common divisor of 7497 and 153?
153
Calculate the highest common factor of 155 and 2015.
155
What is the highest common divisor of 91 and 936?
13
Calculate the highest common factor of 117 and 247.
13
What is the greatest common divisor of 625 and 50?
25
What is the greatest common factor of 147 and 126?
21
Calculate the greatest common divisor of 75 and 2500.
25
What is the greatest common divisor of 1190 and 140?
70
Calculate the greatest common divisor of 8000 and 50.
50
Calculate the highest common divisor of 750 and 550.
50
Calculate the greatest common factor of 1104 and 690.
138
Calculate the greatest common divisor of 36 and 108.
36
What is the greatest common factor of 14 and 595?
7
What is the greatest common divisor of 78 and 54?
6
Calculate the highest common factor of 101 and 101.
101
What is the greatest common divisor of 99 and 693?
99
Calculate the greatest common divisor of 588 and 12.
12
What is the highest common factor of 54 and 16146?
54
Calculate the greatest common divisor of 667 and 23.
23
What is the highest common divisor of 231 and 2706?
33
Calculate the greatest common factor of 88 and 3894.
22
What is the highest common divisor of 1507 and 137?
137
What is the highest common factor of 638 and 522?
58
Calculate the highest common divisor of 44 and 858.
22
Calculate the highest common